at is the units digit of 600948?
8
What is the tens digit of 182478?
7
What is the hundred thousands digit of 5905722?
9
What is the thousands digit of 113132?
3
What is the thousands digit of 29410?
9
What is the tens digit of 13138591?
9
What is the tens digit of 8507554?
5
What is the hundred thousands digit of 510680?
5
What is the thousands digit of 124587?
4
What is the millions digit of 1695262?
1
What is the hundreds digit of 77567?
5
What is the units digit of 647405?
5
What is the units digit of 14281915?
5
What is the ten thousands digit of 219881?
1
What is the ten thousands digit of 28407?
2
What is the tens digit of 24232545?
4
What is the units digit of 396316?
6
What is the hundreds digit of 842391?
3
What is the ten thousands digit of 43026?
4
What is the ten thousands digit of 186034?
8
What is the hundred thousands digit of 5129439?
1
What is the hundreds digit of 463690?
6
What is the hundreds digit of 3335034?
0
What is the tens digit of 909688?
8
What is the ten thousands digit of 20861155?
6
What is the hundreds digit of 2093866?
8
What is the thousands digit of 24743802?
3
What is the thousands digit of 9134531?
4
What is the hundreds digit of 380876?
8
What is the ten thousands digit of 1417478?
1
What is the hundred thousands digit of 647131?
6
What is the ten thousands digit of 14929355?
2
What is the ten thousands digit of 9361177?
6
What is the ten thousands digit of 184509?
8
What is the units digit of 4932688?
8
What is the hundreds digit of 229643?
6
What is the thousands digit of 19606893?
6
What is the hundred thousands digit of 271558?
2
What is the units digit of 3138234?
4
What is the units digit of 230691?
1
What is the tens digit of 382178?
7
What is the hundred thousands digit of 114817?
1
What is the tens digit of 1166185?
8
What is the hundreds digit of 2520759?
7
What is the thousands digit of 221680?
1
What is the ten thousands digit of 1327590?
2
What is the hundreds digit of 2446741?
7
What is the ten thousands digit of 730007?
3
What is the tens digit of 5171018?
1
What is the units digit of 3115001?
1
What is the hundreds digit of 1381959?
9
What is the thousands digit of 1645808?
5
What is the hundred thousands digit of 554030?
5
What is the units digit of 318600?
0
What is the ten thousands digit of 93468?
9
What is the ten thousands digit of 360162?
6
What is the ten thousands digit of 399217?
9
What is the hundreds digit of 1005694?
6
What is the hundred thousands digit of 508007?
5
What is the hundred thousands digit of 310204?
3
What is the hundred thousands digit of 2303258?
3
What is the tens digit of 425956?
5
What is the thousands digit of 182121?
2
What is the ten thousands digit of 206019?
0
What is the hundred thousands digit of 871356?
8
What is the hundred thousands digit of 2808850?
8
What is the units digit of 126644?
4
What is the millions digit of 6771414?
6
What is the thousands digit of 2958056?
8
What is the ten thousands digit of 21652?
2
What is the hundred thousands digit of 340380?
3
What is the thousands digit of 4565118?
5
What is the ten thousands digit of 120748?
2
What is the hundreds digit of 6694382?
3
What is the units digit of 1165615?
5
What is the tens digit of 72514?
1
What is the millions digit of 3816840?
3
What is the units digit of 844972?
2
What is the hundred thousands digit of 665540?
6
What is the hundred thousands digit of 124450?
1
What is the tens digit of 2350357?
5
What is the thousands digit of 59583?
9
What is the units digit of 3256724?
4
What is the ten thousands digit of 279454?
7
What is the hundred thousands digit of 351574?
3
What is the thousands digit of 434423?
4
What is the ten thousands digit of 1673847?
7
What is the hundreds digit of 1881898?
8
What is the millions digit of 15398620?
5
What is the ten thousands digit of 5923463?
2
What is the millions digit of 8993413?
8
What is the thousands digit of 917667?
7
What is the ten thousands digit of 3148831?
4
What is the hundred thousands digit of 5140632?
1
What is the units digit of 1545084?
4
What is the hundreds digit of 458927?
9
What is the tens digit of 1092744?
4
What is the units digit of 243632?
2
What is the ten thousands digit of 3365290?
6
What is the hundred thousands digit of 41240844?
2
What is the hundreds digit of 230457?
4
What is the tens digit of 6099?
9
What is the hundred thousands digit of 4957072?
9
What is the ten thousands digit of 26728489?
2
What is the hundreds digit of 44075?
0
What is the units digit of 227348?
8
What is the hundreds digit of 351442?
4
What is the ten thousands digit of 421501?
2
What is the hundred thousands digit of 8976111?
9
What is the ten millions digit of 10150652?
1
What is the tens digit of 2033662?
6
What is the thousands digit of 1578399?
8
What is the ten thousands digit of 1063494?
6
What is the tens digit of 150070?
7
What is the tens digit of 778960?
6
What is the units digit of 284744?
4
What is the thousands digit of 8353699?
3
What is the hundred thousands digit of 196101?
1
What is the units digit of 87147?
7
What is the hundred thousands digit of 2779756?
7
What is the units digit of 473967?
7
What is the hundreds digit of 2851807?
8
What is the hundred thousands digit of 545614?
5
What is the hundred thousands digit of 4000322?
0
What is the hundreds digit of 751920?
9
What is the tens digit of 2064182?
8
What is the units digit of 1898348?
8
What is the ten thousands digit of 7724276?
2
What is the hundreds digit of 743549?
5
What is the ten thousands digit of 208497?
0
What is the thousands digit of 130096?
0
What is the thousands digit of 1904886?
4
What is the hundred thousands digit of 938424?
9
What is the thousands digit of 1208214?
8
What is the tens digit of 2710547?
4
What is the hundred thousands digit of 32695576?
6
What is the units digit of 3433417?
7
What is the hundreds digit of 471381?
3
What is the tens digit of 991389?
8
What is the thousands digit of 4860866?
0
What is the millions digit of 28416653?
8
What is the units digit of 2341058?
8
What is the tens digit of 45263?
6
What is the hundred thousands digit of 14265993?
2
What is the units digit of 1815369?
9
What is the hundreds digit of 29072?
0
What is the thousands digit of 16301389?
1
What is the hundred thousands digit of 7253911?
2
What is the ten thousands digit of 3365619?
6
What is the tens digit of 403733?
3
What is the units digit of 4713928?
8
What is the hundreds digit of 1409914?
9
What is the ten thousands digit of 21162852?
6
What is the units digit of 597655?
5
What is the hundred thousands digit of 189100?
1
What is the thousands digit of 6731975?
1
What is the hundred thousands digit of 821527?
8
What is the hundreds digit of 860414?
4
What is the tens digit of 11336535?
3
What is the thousands digit of 8156541?
6
What is the thousands digit of 1117115?
7
What is the hundreds digit of 797193?
1
What is the thousands digit of 8883712?
3
What is the ten thousands digit of 9943070?
4
What is the hundred thousands digit of 191923?
1
What is the hundreds digit of 3540663?
6
What is the tens digit of 80809?
0
What is the ten thousands digit of 4962127?
6
What is the thousands digit of 78703?
8
What is the thousands digit of 246100?
6
What is the thousands digit of 9969909?
9
What is the hundreds digit of 1196487?
4
What is the units digit of 30648150?
0
What is the thousands digit of 6180502?
0
What is the tens digit of 16948587?
8
What is the units digit of 11152436?
6
What is the hundred thousands digit of 1036729?
0
What is the thousands digit of 4830284?
0
What is the hundreds digit of 1088736?
7
What is the units digit of 2619629?
9
What is the units digit of 361258?
8
What is the hundreds digit of 173147?
1
What is the hundred thousands digit of 4352637?
3
What is the hundred thousands digit of 1345528?
3
What is the hundreds digit of 1421088?
0
What is the ten thousands digit of 6925644?
2
What is the millions digit of 8197156?
8
What is the ten thousands digit of 163841?
6
What is the millions digit of 4051628?
4
What is the hundreds digit of 647325?
3
What is the tens digit of 15504706?
0
What is the units digit of 8901652?
2
What is the hundreds digit of 166706?
7
What is the hundreds digit of 11761281?
2
What is th